1365. What is the tens digit of p?
0
Suppose v - 312 = -3*v. What is the units digit of v?
8
What is the units digit of (32/(-6) - -2)/(39/(-52650))?
0
Suppose 0 = -3*f - 12, -5*c - 3*f = -0*f + 112. Let v = c + 24. Suppose 2*t - v*h = 88, 32 + 6 = t - 4*h. What is the units digit of t?
0
Let w(r) = r**3 + 19*r**2 + 16*r + 20. Let v(j) = -2*j**3 - 38*j**2 - 31*j - 41. Let l(d) = 2*v(d) + 5*w(d). What is the tens digit of l(-18)?
1
Let m be 69/21 + 14/(-49). Suppose -m*q + 159 + 42 = 0. What is the tens digit of q?
6
Let z(j) = 2*j + 4. Let o be z(4). Let x = o - 8. Let l(n) = 3*n - 6. What is the units digit of l(x)?
6
Let o(s) = s**2 + 22*s + 25. Let l be o(-21). What is the tens digit of 107 + -1 + 8/l + -3?
0
Suppose -9*u = -7*u + 180. What is the units digit of (u/35)/((-3)/21)?
8
What is the tens digit of 1/((-8)/246*(-21)/616)?
0
Suppose 0 = -2*k - 4*k + 12. Suppose 28 = 2*z + 2*b, 0 = k*z - b + 4*b - 24. What is the units digit of z?
8
Suppose -5*q - 4*w - 25 = w, -9 = -3*q + 5*w. Let m be 4 + (-1)/((-2)/q). Suppose -z + 2*b = m, -4*b + 9*b = 2*z + 9. What is the units digit of z?
3
Let c = 2614 + 1144. What is the units digit of c?
8
Suppose -89*a + 13368 = -65*a. What is the hundreds digit of a?
5
Suppose -n = -2*n - 27. Let x = n + 28. What is the units digit of 2*x*(-14)/(-28)?
1
Suppose 0 = -5*k + 4*k - 3*r - 32, 3*r = -4*k - 146. Let m = 182 + k. What is the hundreds digit of m?
1
Let c be (60/75)/(4/30). Let r be 441/c*(-6)/(-9). Let p = r + -7. What is the tens digit of p?
4
Let f = 36 - 34. Suppose -f*k = -6*k + 272. What is the tens digit of k?
6
Let n be (-4)/22 + 14216/22. Suppose -5*f = 71 - n. Suppose 5 = 4*h - f. What is the units digit of h?
0
Let f(o) = -15*o**3 - 9*o**2 - 24*o - 3. What is the hundreds digit of f(-3)?
3
Suppose -12390 = -55*c + 50*c. What is the tens digit of c?
7
Suppose 0 = 3*d + d + 396. Let i be (-2)/8 - d/12. Suppose 3*b = i + 7. What is the units digit of b?
5
Suppose -p + p + p = 0. Suppose p*q - q + 92 = 0. What is the tens digit of q?
9
Let k = 467 - 425. What is the units digit of k?
2
Let d(l) = -l**2 + 8*l - 5. Let x be d(7). Suppose -3*f + x*z + 0*z + 18 = 0, -2*f = -4*z - 12. Suppose j - f = -j. What is the units digit of j?
3
Let o = 127 - 124. Suppose o*c - 66 - 45 = 0. What is the tens digit of c?
3
Let l = 381 + -35. What is the tens digit of l?
4
Let d(r) = -9*r + 35. Let u be d(4). What is the units digit of 2*(u - (-1005)/10)?
9
Suppose a + 0 + 6 = 0. Let s(f) = f + 4. Let q be s(a). What is the units digit of (-2)/(-1)*(-23)/q?
3
Let b = 241 + 445. Suppose -a = c - 216, -5*a + 4*c = -b - 403. What is the tens digit of a?
1
Suppose 0 = 4*l + 2*r - 16, -2*l + 5*r - 6 = -38. Let u be l/(-9) + 2/3. Suppose 5*w - 4*c - 123 = u, -2*w - w - 2*c + 65 = 0. What is the units digit of w?
3
Let u = -16 - -17. Suppose 0 = -r - u + 2. What is the units digit of r?
1
Suppose -4*b - 1 = l, -3*l - b = -2*l - 5. Let j(n) be the second derivative of 2*n**3/3 + 4*n**2 + 9*n. What is the units digit of j(l)?
6
Suppose -b - 7 = 24. Let a = b + 45. What is the tens digit of a?
1
Suppose l = b - 150, -4*b = -3*l + 173 - 771. What is the units digit of b?
8
Suppose 1591 = 4*m - 2161. What is the units digit of m?
8
Suppose s - 906 = 2*f, -s - 25 = 3*f - 936. Suppose o + 4 = 0, -o + s = 3*v + 120. What is the hundreds digit of v?
2
Let j(o) = -o - 6. Let d be j(-10). Suppose -3*k + 209 = 5*y + 36, -250 = -d*k + 3*y. What is the tens digit of k?
6
Let j(r) be the first derivative of -r**5/20 - r**4/12 + r**3/6 + 10*r**2 + r + 10. Let i(t) be the first derivative of j(t). What is the units digit of i(0)?
0
Let p be 3*4/(-6) + -66. Let j be (-5)/(-3*5/(-345)). Let l = p - j. What is the units digit of l?
7
Let d(f) = -f**3 + 6*f**2 + 4*f - 6. Suppose -4*b + 0*b + 8 = 0. Suppose 4*r - 2*s - 12 = 0, -5*r + b = -4*s - 10. What is the units digit of d(r)?
2
Let l(p) = -29*p + 23. Let q(i) = -3*i - 1. Let a be q(1). What is the tens digit of l(a)?
3
Suppose -202 = -b - 3*y, -2*y + 634 = -3*b + 6*b. Let i = b - 153. What is the tens digit of i?
6
Let w be 47/((0/(-3) - -1)/1). Let u = 54 + w. What is the units digit of u?
1
Suppose 45*v + 2*v = 64484. What is the units digit of v?
2
Let t(r) = -365*r**3 + 4*r**2 + 4*r. What is the hundreds digit of t(-1)?
3
Let v be (4 - -23)*10/(-2). Let h be (-3810)/v + 2/(-9). Suppose 0 = 3*d - 101 - h. What is the tens digit of d?
4
Let o = -11 - -43. Let z(k) = k**2 - 6*k + 8. Let t be z(6). Let r = o - t. What is the units digit of r?
4
Suppose n = 3*r - 22, -n + 2*n = -5*r + 26. Let i = r + -4. Suppose -i*l + 15 = -1. What is the units digit of l?
8
Let o(k) = 61*k**2 - 1. Let w(d) be the third derivative of -d**5/60 + d**4/4 - 7*d**3/6 - 10*d**2. Let b be w(4). What is the units digit of o(b)?
0
Suppose -3*m + 12 = -5*m. What is the tens digit of -14*((2 - 3) + 15/m)?
4
Let p(c) = -2*c**2 - c + 10. Let y be p(5). Let g = y - -77. What is the tens digit of g?
3
Suppose 2*f + 4 = 0, 2*f - 3638 = -2*u + 1176. What is the thousands digit of u?
2
Suppose 151*w - 142*w - 3591 = 0. What is the hundreds digit of w?
3
Suppose -4*s = -4*w - 5652, 2*w - 6*w = 4*s - 5668. What is the tens digit of s?
1
Let j be 10 + 33 + (2 - -1). Let f = j - 45. What is the units digit of f?
1
Let d = -34 + 30. Let q(c) = 2*c**2 - c + 1. What is the units digit of q(d)?
7
Suppose 11 + 9 = -5*z. What is the units digit of (55 + z)*(-5)/(-3)?
5
Let t(u) = 3*u**2 - 2*u + 1. Let y be t(1). Let c be (0/(-7))/(y/2). Suppose 4*w + 39 = f, c = -2*f - 0*w - 4*w + 54. What is the tens digit of f?
3
Let c = 35 + -30. Let j(b) = 10*b - 3. What is the units digit of j(c)?
7
Suppose 4*y + y + 5*d = -195, 0 = -y - 4*d - 39. Let w be (-994)/(-6) + (-13)/y. Let o = w + -95. What is the tens digit of o?
7
Suppose 2308*r - 7505 = 2303*r. What is the tens digit of r?
0
Suppose 0*i - 4*i = 0. What is the tens digit of 33 + 143 - (i/(-2))/1?
7
Let g(c) = 5*c**2 - 4*c + 2. Let x be g(1). Suppose -4*p + 205 = a, -2*p + 636 = x*a + 3*p. What is the hundreds digit of a?
2
Let j = 36 + -34. Suppose 4*u = -5*c + 359 + 306, 5*u - j*c = 856. What is the tens digit of u?
7
Let n be 1 - 5/((-10)/4). Let y be -1*3*(-5)/n. Suppose 0*r - y*r = -230. What is the units digit of r?
6
Let o = -422 + 424. What is the units digit of o?
2
Let y be 0/2 - 661/(-2)*2. Suppose -3*q - 2*k + 399 = 0, -y = -7*q + 2*q - 2*k. What is the hundreds digit of q?
1
Let q = -86 - -88. Suppose 4*j + 260 = -5*m + 759, -q*m + 383 = 3*j. What is the hundreds digit of j?
1
What is the units digit of (1665/25)/(10/150)?
9
Let z(h) = -28*h + 92. What is the tens digit of z(-14)?
8
Let w = -321 + 323. Suppose 0*g = -2*g + 10. Suppose 3*j = -g*k + 64, -3*j - w*k - 32 = -5*j. What is the units digit of j?
8
Let o(r) = 5*r**3 - 2*r**2 + 2*r - 1. Let q be o(1). Suppose 0 = 3*y + q*u - 11, 4*y + 3*u + u - 16 = 0. Let j = y + -3. What is the units digit of j?
2
What is the tens digit of (-42)/(-5)*(8 - 24/18)?
5
Suppose 0 = -2*z + 4*z - 226. Let l = 151 - z. What is the units digit of l?
8
Suppose -460 = 9*l - 11*l. What is the tens digit of l?
3
Let h(j) = 36*j**3 - j**2 + j - 1. Suppose -6 = -3*t - 3*t. Suppose b = 4*o - 2 - t, -3*b - 1 = -4*o. What is the tens digit of h(o)?
3
Let x(i) = 16*i**2 + 7*i - 72. What is the thousands digit of x(10)?
1
Suppose 56*i - 12973 - 3155 = 0. What is the hundreds digit of i?
2
Let x = 10 + 11. Suppose -x - 15 = -2*g. Suppose -m + g = 2*m. What is the units digit of m?
6
Let o(j) = 6*j**2 - 2. Let x be o(-1). Let a be 66/(-9)*(-18)/x. Suppose 2*v + 191 = 3*i, -2*i + 77 + a = 3*v. What is the tens digit of i?
6
Let f(i) = 2*i - 17. Suppose 3*g = -c + 20, 0 = -5*g + 4*c - 32 + 88. Let n(d) = d**3 - 8*d**2 + d + 5. Let s be n(g). What is the units digit of f(s)?
9
Suppose r - 377 = -3*v, 3*v = 5*r + 6*v - 1885. What is the units digit of r?
7
What is the units digit of (-2 - 1)/(-3) + 6?
7
Let f(q) = -q**3 + 8*q**2 - 6*q - 3. Let c be f(7). Suppose -c*h + 226 = -3*b, 0 = 3*h - 3*b - 0*b - 171. What is the tens digit of h?
5
Let w = 245 + 424. What is the hundreds digit of w?
6
Suppose 306 = j - 58. What is the tens digit of j?
6
Let g(n) = -111*n - 5. What is the units digit of g(-2)?
7
Let i(q) be the second derivative of q**5/20